+ 2 - v. Let t be n(4). Suppose 3*z - 5*y = 26, z + 3*y = 5*z - 20. Calculate the highest common factor of z and t.
2
Suppose 26 = s + 2*y, -3*s + 3*y = -2*y - 133. What is the highest common divisor of 9 and s?
9
Let o(l) = -l**3 + 5*l - 1. Suppose 0 = -4*b - 27 + 7. Let v be o(b). Calculate the greatest common factor of v and 11.
11
Let v(m) = 3*m + 7. Let i be v(6). Let j = i - -122. What is the highest common factor of 21 and j?
21
Let y = -1 - -7. Let k(h) = 4*h - 2. Let t(m) = -m**2 + 6*m - 6. Let i be t(4). Let n be k(i). What is the greatest common factor of y and n?
6
Suppose -4*w = 8, -3*k - 4*w + 32 = -50. What is the greatest common divisor of 330 and k?
30
Let g be (18/8)/(7/224). Calculate the highest common factor of g and 8.
8
Let g = 80 + -68. Calculate the greatest common divisor of g and 84.
12
Suppose 5*c = -5*v + 93 + 362, -95 = -v - 5*c. What is the greatest common divisor of 225 and v?
45
Let k = 3 + -10. Let w(x) = x + 4. Let f be w(k). Let j(p) = -7*p**3 - 4*p - 3. Let v be j(f). What is the greatest common divisor of v and 18?
18
Let l(r) = -2*r**3 - 12*r**2 - r - 4. Let a be l(-6). Calculate the greatest common divisor of 1 and a.
1
Suppose 15 = -4*h + 7*h. Let w = -10 + h. Let g = 8 + w. What is the highest common divisor of 24 and g?
3
Suppose -1405 = -5*u - 330. Calculate the highest common divisor of 86 and u.
43
Suppose -4*p = -2*p. Suppose -3*t - 131 = -2*l, t - 63 = -l - p*t. What is the highest common factor of 16 and l?
16
Suppose 78 + 27 = 5*f + 2*r, -96 = -4*f - 4*r. Suppose -5*k + 100 = -0. Let u = 58 - k. Calculate the highest common factor of f and u.
19
Let s(h) = 7*h**2 + h - 2. Let p be s(1). What is the highest common factor of p and 12?
6
Suppose -m = -4*s - 3*m + 28, 12 = 3*s - 3*m. Calculate the greatest common factor of s and 9.
3
Suppose 0 = 11*r - 2*r - 324. Calculate the highest common factor of r and 396.
36
Let x be (-88)/4*2/(-4). Let r = 2 - 0. Let n be ((-11)/r)/(3/(-18)). What is the greatest common factor of n and x?
11
Let j be (8/(-5))/(10/(-225)). Let u be 1 + (8 - (2 - 2)). What is the greatest common divisor of j and u?
9
Let g(n) = n**3 + 8*n**2 - 2*n - 12. Let h be g(-8). Calculate the highest common divisor of h and 4.
4
Let c(k) = k**3 - 15*k**2 + 14*k + 9. Let d be c(14). Suppose 0*s = s - d. Calculate the highest common factor of 45 and s.
9
Let f be (102/4)/((-13)/(-26)). Calculate the highest common factor of 34 and f.
17
Let j(g) = 2*g + 1. Let p be j(-2). Let c be (44 - p) + (0 - -1). Calculate the greatest common factor of 12 and c.
12
Suppose 1 = 4*r - 15. Calculate the greatest common divisor of 12 and r.
4
Let n be ((-17)/(-3))/((-7)/21). Let v = 18 + n. Calculate the greatest common divisor of v and 4.
1
Let h(o) = 23*o. Let p be h(1). Let b(k) = 45*k**3 + 2*k**2 - 1. Let m be b(1). What is the highest common factor of m and p?
23
Let y be (-161)/(-63) + (-16)/(-36). What is the highest common factor of 48 and y?
3
Suppose 2*c + 3 = 11. Suppose 0*i - 5*m = i - 44, c*i - 56 = 4*m. What is the highest common divisor of i and 171?
19
Let k be (-6)/3*6/(-4). Let m = 3 + -1. Suppose m*r = 9 + k. Calculate the highest common factor of 24 and r.
6
Let f(l) = 4*l + 2. Let p be f(-2). Let a = p - -10. Suppose -2*j + 3*i = -14 - 14, -a*i + 70 = 5*j. Calculate the greatest common factor of j and 28.
14
Let v be (-2)/(-3) + (-4)/6. Let x be (-6 - -12)*(-1 - v). Let r be 0 + x*1*-9. What is the highest common factor of r and 18?
18
Let p be (8 - 7)*(-8)/(-2). Suppose a - 4 = 0, 2*s - 10 = p*s - 5*a. What is the highest common divisor of s and 5?
5
Suppose -m + 0*m + 2 = 0. Let i be m/7 + (-164)/(-14). What is the highest common divisor of i and 60?
12
Let d(q) = -q**2 - 9*q - 5. Let k be d(-6). Suppose -5 + k = 2*j. Calculate the greatest common divisor of 1 and j.
1
Let j(u) = u**3 + 5*u**2 - 8*u - 4. Let b be j(-6). Let a = b + -4. What is the greatest common divisor of a and 32?
4
Let z = -5 - -21. Let v = -36 + 116. What is the greatest common divisor of v and z?
16
Let b(x) = -4*x - 1. Let a be b(-2). Suppose 5*k = -5*g + 110, -2*k - 33 = -3*g + 48. Let n = -18 + g. What is the greatest common divisor of a and n?
7
Let u = 18 + -11. Suppose -4*m + 3*r = -u, 4 = 3*m - 0*r - 2*r. Let v be (m/5)/((-1)/40). What is the highest common divisor of v and 144?
16
Let x = 17 - 4. Let z be 1/(-3) + 196/3. What is the highest common factor of z and x?
13
Suppose -2*t + 0*t + 16 = 0. Let l be (-42)/(-5) + t/(-20). Calculate the highest common divisor of 24 and l.
8
Let o = 41 + -27. Calculate the greatest common divisor of o and 21.
7
Suppose 2*k - 4 = 3*m, m = -0*m. Calculate the greatest common factor of 14 and k.
2
Suppose 3*p - 35 = -4*w, -2*p + 14 = 3*w - 12. What is the highest common factor of w and 72?
8
Suppose 11 = h - 3*q, -16 = -5*h + 2*q - 0*q. Let r = 42 - 20. Calculate the greatest common divisor of r and h.
2
Let q(z) = 3*z**3 - 2*z**2 + 2*z - 2. Let m be q(2). What is the greatest common factor of 27 and m?
9
Suppose 11*c + 3*x = 6*c + 44, 12 = c - x. What is the greatest common factor of c and 50?
10
Suppose 6*g = 5*g - 2*n + 66, 0 = 3*n + 6. Calculate the highest common divisor of 14 and g.
14
Let k(g) be the first derivative of 3 - 6*g + 4*g**2 - 1/3*g**3. Let x be k(6). Calculate the greatest common divisor of x and 9.
3
Let v(m) be the third derivative of 17*m**4/24 + m**3 + m**2. Let d be v(7). What is the greatest common factor of d and 50?
25
Let o(l) = l**2 - 7*l - 9. Let q be o(8). Let p be (0 + -37)/(-2 - q). Suppose -i = 7 - p. Calculate the highest common divisor of i and 12.
6
Let h be 3 + 58/(-18) - (-249)/27. What is the highest common factor of h and 45?
9
Let x be (5/(-3))/(3/(-81)). Let i = 13 + -22. Let d(l) = -l + 9. Let o be d(i). Calculate the greatest common factor of o and x.
9
Let h = -2 - -2. Suppose 5*z + 18 = -f, 4 = 2*f - h*z + 2*z. Suppose 28 = c + c. Calculate the greatest common factor of f and c.
7
Let m = -70 - -257. Suppose 0 = -y + 9 + 8. What is the highest common factor of m and y?
17
Let z(i) = i**2 + 9*i + 9. Suppose 4 = -3*k + 5*k. Suppose -20 = k*q - 4. Let w be z(q). Calculate the greatest common factor of w and 11.
1
Let k be (-14)/(-7) + 6/3. Calculate the highest common factor of k and 4.
4
Let j(n) = -n**3 + 18*n**2 - 20*n + 16. Let f be j(16). What is the greatest common divisor of f and 26?
26
Let v(m) be the first derivative of -4*m + 0*m**3 - 2*m**2 + 7 + m**3 - 6. Let u be v(-5). Calculate the greatest common divisor of 13 and u.
13
Let b = -1 - -6. Suppose b*t - 8 = t. Let n be t/(-6) + 86/6. Calculate the highest common divisor of 154 and n.
14
Suppose y = 5*y - 36. Calculate the highest common factor of 6 and y.
3
Suppose 0 - 130 = -10*l. Calculate the highest common divisor of 221 and l.
13
Suppose p - 6*p + 70 = 0. Suppose -4 + p = 5*c, t - 4*c - 176 = 0. Let z = t - 0. What is the highest common divisor of z and 23?
23
Suppose 2*k = -4*w, 2*k - 3*w = 4 + 17. Calculate the highest common divisor of k and 30.
6
Let t = -19 - -23. What is the greatest common factor of t and 28?
4
Suppose -2*u + 3*u - 5*a - 37 = 0, -3*u = 3*a - 57. Calculate the highest common factor of u and 66.
22
Suppose 0 = -2*j + 6*j - 224. Let s = j - 8. Calculate the highest common divisor of s and 72.
24
Let f be (-1564)/(-10) - 2 - 2/5. Calculate the greatest common divisor of 14 and f.
14
Suppose 21 = y - 0*y - 3*d, y + 5*d - 21 = 0. Calculate the greatest common factor of 168 and y.
21
Let r = -2 + 4. Let u be 18 - (r + -2 + 0). What is the greatest common divisor of u and 12?
6
Let t = -6 - 3. Let p(w) = -2*w - 8. Let x be p(t). Calculate the highest common factor of x and 1.
1
Suppose -52 = -2*v + 344. Calculate the highest common divisor of 22 and v.
22
Let h = 34 - 21. Suppose -a = -0*a. Suppose 2*r + 3*p = 3*r - 58, a = 2*p + 4. Calculate the highest common divisor of r and h.
13
Let k(r) = -4*r**2 - 1. Let o be k(-1). Let u be o - (-2 + 0) - 15. Let p = u + 27. Calculate the highest common factor of 99 and p.
9
Let p = 161 - 149. Let s = 223 + -127. Calculate the highest common divisor of s and p.
12
Let b be (-74)/(-3) - (-2)/(-3). Suppose -82*t + 89*t = 420. Calculate the highest common divisor of b and t.
12
Let y = 24 + 11.